{"id":4981,"date":"2016-05-22T15:49:00","date_gmt":"2016-05-22T13:49:00","guid":{"rendered":"http:\/\/www.asnia.es\/?page_id=4981"},"modified":"2017-11-30T19:27:44","modified_gmt":"2017-11-30T18:27:44","slug":"me-acoges-en-tu-casa","status":"publish","type":"page","link":"https:\/\/www.asnia.es\/?page_id=4981","title":{"rendered":"Me acoges en tu casa?"},"content":{"rendered":"<p>&nbsp;<\/p>\n<p style=\"text-align: justify;\">&nbsp;<\/p>\n<p>ELLOS TE ESPERAN<\/p>\n<div id=\"attachment_6029\" style=\"width: 92px\" class=\"wp-caption alignleft\"><a href=\"https:\/\/www.asnia.es\/wp-content\/uploads\/2017\/11\/ROMAN.png\"><img loading=\"lazy\" decoding=\"async\" aria-describedby=\"caption-attachment-6029\" class=\"wp-image-6029 size-full\" src=\"https:\/\/www.asnia.es\/wp-content\/uploads\/2017\/11\/ROMAN.png\" alt=\"\" width=\"92\" height=\"100\"><\/a><p id=\"caption-attachment-6029\" class=\"wp-caption-text\"><a href=\"https:\/\/www.asnia.es\/?page_id=6016\">KHARLAN ROMAN ANDREEVICH<\/a> Pincha aqui<\/p><\/div>\n<div id=\"attachment_6030\" style=\"width: 100px\" class=\"wp-caption alignleft\"><a href=\"https:\/\/www.asnia.es\/wp-content\/uploads\/2017\/11\/ALISA.jpg\"><img loading=\"lazy\" decoding=\"async\" aria-describedby=\"caption-attachment-6030\" class=\"size-full wp-image-6030\" src=\"https:\/\/www.asnia.es\/wp-content\/uploads\/2017\/11\/ALISA.jpg\" alt=\"\" width=\"100\" height=\"100\"><\/a><p id=\"caption-attachment-6030\" class=\"wp-caption-text\"><a href=\"https:\/\/www.asnia.es\/?page_id=6023\">EVDOKIMOVA ALISA VIKTOROVNA<\/a><br \/>Pincha aqui<\/p><\/div>\n<div id=\"attachment_6027\" style=\"width: 92px\" class=\"wp-caption alignleft\"><a href=\"https:\/\/www.asnia.es\/wp-content\/uploads\/2017\/11\/LUDMILA.png\"><img loading=\"lazy\" decoding=\"async\" aria-describedby=\"caption-attachment-6027\" class=\"wp-image-6027 \" src=\"https:\/\/www.asnia.es\/wp-content\/uploads\/2017\/11\/LUDMILA.png\" alt=\"\" width=\"92\" height=\"102\"><\/a><p id=\"caption-attachment-6027\" class=\"wp-caption-text\"><a href=\"https:\/\/www.asnia.es\/?page_id=6018\">BLISHCHUK LYUDMILA <\/a><br \/> Pincha aqui<\/p><\/div>\n<div id=\"attachment_6028\" style=\"width: 93px\" class=\"wp-caption alignleft\"><a href=\"https:\/\/www.asnia.es\/wp-content\/uploads\/2017\/11\/EVGENIA.png\"><img loading=\"lazy\" decoding=\"async\" aria-describedby=\"caption-attachment-6028\" class=\" wp-image-6028\" src=\"https:\/\/www.asnia.es\/wp-content\/uploads\/2017\/11\/EVGENIA.png\" alt=\"\" width=\"93\" height=\"103\"><\/a><p id=\"caption-attachment-6028\" class=\"wp-caption-text\"><a href=\"https:\/\/www.asnia.es\/?page_id=6021\">SHELEH KARINA<\/a><br \/>Pincha aqui<\/p><\/div>\n<div id=\"attachment_6038\" style=\"width: 104px\" class=\"wp-caption alignleft\"><a href=\"https:\/\/www.asnia.es\/wp-content\/uploads\/2017\/11\/KSENIYA.jpg\"><img loading=\"lazy\" decoding=\"async\" aria-describedby=\"caption-attachment-6038\" class=\"wp-image-6038\" src=\"https:\/\/www.asnia.es\/wp-content\/uploads\/2017\/11\/KSENIYA.jpg\" alt=\"\" width=\"104\" height=\"112\"><\/a><p id=\"caption-attachment-6038\" class=\"wp-caption-text\"><a href=\"https:\/\/www.asnia.es\/?page_id=6036\">YOUZHANKA KSENIY A Pincha aqui<\/a><\/p><\/div>\n<p>&nbsp;<\/p>\n<div id=\"attachment_6039\" style=\"width: 100px\" class=\"wp-caption alignleft\"><a href=\"https:\/\/www.asnia.es\/wp-content\/uploads\/2017\/11\/IMG_0385.jpg\"><img loading=\"lazy\" decoding=\"async\" aria-describedby=\"caption-attachment-6039\" class=\"size-full wp-image-6039\" src=\"https:\/\/www.asnia.es\/wp-content\/uploads\/2017\/11\/IMG_0385.jpg\" alt=\"\" width=\"100\" height=\"99\"><\/a><p id=\"caption-attachment-6039\" class=\"wp-caption-text\"><a href=\"https:\/\/www.asnia.es\/?page_id=6034\">ZHOHLA ILYA<\/a><br \/>Pincha aqui<\/p><\/div>\n<p>&nbsp;<\/p>\n<p>&nbsp;<\/p>\n<p>&nbsp;<\/p>\n<p>&nbsp;<\/p>\n<p>&nbsp;<\/p>\n<p>&nbsp;<\/p>\n<p>&nbsp;<\/p>\n<p>&nbsp;<\/p>\n<p>&nbsp;<\/p>\n<p style=\"text-align: justify;\"><strong>Un camino que comienza, una historia que empieza a escribirse&#8230;..que perdurar\u00e1 en el tiempo porque la construiremos con amor, y todo lo que hacemos con amor, no puede salir mal\u2026\u2026.<\/strong><\/p>\n<p style=\"text-align: justify;\">Quiz\u00e1 ahora, en alg\u00fan orfanato de Bielorrusia, en una familia muy humilde, desestructurada, o con necesidades especiales, un\/a &nbsp;ni\u00f1@ sue\u00f1a con venir a Espa\u00f1a, como lo han hecho ya varios de sus amigos en el cole. Vosotros ni siquiera os hab\u00e9is planteado acoger, o quiz\u00e1 s\u00ed\u2026 \u00c9l no sabe que vais a ser su familia. Pero quiz\u00e1 dentro de un tiempo ese ni\u00f1o tendr\u00e1 cara y tendr\u00e1 nombre para vosotros\u2026 Y luego vendr\u00e1 y esperar\u00e9is nerviosos, como hemos esperado tantos de nosotros, y podr\u00e9is mirarle a los ojos, y tendr\u00e9is miedo y \u00e9l tendr\u00e1 miedo con vosotros\u2026&nbsp; y lo llevar\u00e9is a casa, a la habitaci\u00f3n que con tanto cari\u00f1o habr\u00e9is preparado\u2026 Y ser\u00e1 solo el comienzo\u2026<\/p>\n<p style=\"text-align: justify;\">\u00bfQuieres acoger a uno de estos ni\u00f1os en verano.<a href=\"http:\/\/www.asnia.es\/?page_id=4758\"> P\u00eddenos informaci\u00f3n.<\/a><\/p>\n<p style=\"text-align: justify;\"><a href=\"http:\/\/www.asnia.es\/?page_id=4723\">&#8230;Pero tambi\u00e9n puedes ayudarles sin acoger a uno en tu casa.<\/a><\/p>\n","protected":false},"excerpt":{"rendered":"<p>&nbsp; &nbsp; ELLOS TE ESPERAN &nbsp; &nbsp; &nbsp; &nbsp; &nbsp; &nbsp; &nbsp; &nbsp; &nbsp; &nbsp; Un camino que comienza, una historia que empieza a escribirse&#8230;..que perdurar\u00e1 en el tiempo porque la construiremos con amor, y todo lo que hacemos con amor, no puede salir mal\u2026\u2026. Quiz\u00e1 ahora, en alg\u00fan orfanato de Bielorrusia, en una familia &hellip; <\/p>\n<p><a class=\"more-link btn\" href=\"https:\/\/www.asnia.es\/?page_id=4981\">Seguir leyendo<\/a><\/p>\n","protected":false},"author":1,"featured_media":0,"parent":0,"menu_order":0,"comment_status":"closed","ping_status":"closed","template":"","meta":{"ngg_post_thumbnail":0,"footnotes":""},"class_list":["post-4981","page","type-page","status-publish","hentry","nodate","item-wrap"],"_links":{"self":[{"href":"https:\/\/www.asnia.es\/index.php?rest_route=\/wp\/v2\/pages\/4981","targetHints":{"allow":["GET"]}}],"collection":[{"href":"https:\/\/www.asnia.es\/index.php?rest_route=\/wp\/v2\/pages"}],"about":[{"href":"https:\/\/www.asnia.es\/index.php?rest_route=\/wp\/v2\/types\/page"}],"author":[{"embeddable":true,"href":"https:\/\/www.asnia.es\/index.php?rest_route=\/wp\/v2\/users\/1"}],"replies":[{"embeddable":true,"href":"https:\/\/www.asnia.es\/index.php?rest_route=%2Fwp%2Fv2%2Fcomments&post=4981"}],"version-history":[{"count":9,"href":"https:\/\/www.asnia.es\/index.php?rest_route=\/wp\/v2\/pages\/4981\/revisions"}],"predecessor-version":[{"id":6040,"href":"https:\/\/www.asnia.es\/index.php?rest_route=\/wp\/v2\/pages\/4981\/revisions\/6040"}],"wp:attachment":[{"href":"https:\/\/www.asnia.es\/index.php?rest_route=%2Fwp%2Fv2%2Fmedia&parent=4981"}],"curies":[{"name":"wp","href":"https:\/\/api.w.org\/{rel}","templated":true}]}}