{"id":4735,"date":"2016-01-10T17:26:10","date_gmt":"2016-01-10T15:26:10","guid":{"rendered":"http:\/\/www.asnia.es\/?page_id=4735"},"modified":"2016-05-22T14:31:07","modified_gmt":"2016-05-22T12:31:07","slug":"objetivos-y-compromisos","status":"publish","type":"page","link":"https:\/\/www.asnia.es\/?page_id=4735","title":{"rendered":"Objetivos y Compromisos"},"content":{"rendered":"<p style=\"text-align: justify;\"><a href=\"http:\/\/www.asnia.es\/wp-content\/uploads\/2016\/01\/IMAGENES-FORMULARIOS-CONVERSION-600X197-1.jpg\"><img loading=\"lazy\" decoding=\"async\" class=\"aligncenter size-full wp-image-4959\" src=\"http:\/\/www.asnia.es\/wp-content\/uploads\/2016\/01\/IMAGENES-FORMULARIOS-CONVERSION-600X197-1.jpg\" alt=\"IMAGENES-FORMULARIOS-CONVERSION-600X197-1\" width=\"600\" height=\"197\" srcset=\"https:\/\/www.asnia.es\/wp-content\/uploads\/2016\/01\/IMAGENES-FORMULARIOS-CONVERSION-600X197-1.jpg 600w, https:\/\/www.asnia.es\/wp-content\/uploads\/2016\/01\/IMAGENES-FORMULARIOS-CONVERSION-600X197-1-300x99.jpg 300w\" sizes=\"auto, (max-width: 600px) 100vw, 600px\" \/><\/a><\/p>\n<p style=\"text-align: justify;\"><strong>OBJETIVOS<\/strong><\/p>\n<p style=\"text-align: justify;\">Los fines de estas Asociaci\u00f3n son:<\/p>\n<ul style=\"text-align: justify;\">\n<li>Posibilitar la convivencia temporal, solidaria y enriquecedora, de ni\u00f1os de otras culturas y sociedades, afectados por haber sufrido grandes cat\u00e1strofes, en familias de Comunidad Aut\u00f3noma Andaluza o territorio Nacional, estimulando el intercambio, el di\u00e1logo, el contraste respetuoso de opiniones y conocimientos y la b\u00fasqueda colectiva.<\/li>\n<\/ul>\n<ul style=\"text-align: justify;\">\n<li>Preservar la paz y aliviar el sufrimiento de los ni\u00f1os del mundo, fomentando la amistad y la paz entre los pueblos, con una acci\u00f3n clara y decidida a favor del pluralismo cultural y estableciendo bases s\u00f3lidas para la convivencia y la paz, de hoy y ma\u00f1ana.<\/li>\n<\/ul>\n<ul style=\"text-align: justify;\">\n<li>Incidir en el proceso de socializaci\u00f3n de ni\u00f1os y j\u00f3venes del mundo, contribuyendo a extender valores e ideas de respeto, solidaridad internacional, cooperaci\u00f3n, convivencia y tolerancia, concienciando de que la diversidad cultural aporta enriquecimiento mutuo e interdependencia creativa, como elemento dinamizador para el desarrollo de las sociedades futuras.<\/li>\n<\/ul>\n<ul style=\"text-align: justify;\">\n<li>Colaboraci\u00f3n y asesoramiento (a trav\u00e9s de las funciones encomendadas y supervisadas por las Administraciones P\u00fablicas competentes en la materia, cumpliendo los requisitos de la legislaci\u00f3n vigente, nacional e internacional) en la protecci\u00f3n de menores que sufran una situaci\u00f3n familiar, social y\/o escolar negativa, que lejos de favorecer su desarrollo, los comprometen, neg\u00e1ndoles la oportunidad de crecer, y sumi\u00e9ndoles en unas condiciones que deterioran su persona y frente a las que pueden ir adoptando conductas propias de la marginaci\u00f3n social.<\/li>\n<\/ul>\n<ul style=\"text-align: justify;\">\n<li>La investigaci\u00f3n y el desarrollo de modelos de intervenci\u00f3n adaptados a las problem\u00e1ticas sociales emergentes, que afectan a la infancia.<\/li>\n<\/ul>\n<ul style=\"text-align: justify;\">\n<li>Facilitar el regreso a Comunidad Aut\u00f3noma Andaluza o territorio Nacional de los ni\u00f1os a las familias que los acogieron desde el verano del a\u00f1o 2008<\/li>\n<\/ul>\n<ul style=\"text-align: justify;\">\n<li>Promover y desarrollar acciones relativas a la defensa y aplicaci\u00f3n de las recomendaciones de los Organismos Europeos, respecto a la infancia, ante los Organismos Judiciales y las Entidades Administrativa competentes (locales, comarcales, auton\u00f3micas, estatales e internacionales):<\/li>\n<\/ul>\n<ul style=\"text-align: justify;\">\n<li>La declaraci\u00f3n de los derechos del ni\u00f1o, aprobadas por la Asamblea General de Las Naciones Unidas el 20 de Noviembre de 1959 y ampliamente desarrollada en la Convenci\u00f3n de los Derechos del Ni\u00f1o, aprobadas por la misma Asamblea el 20 de noviembre de 1989.<\/li>\n<\/ul>\n<ul style=\"text-align: justify;\">\n<li>Las reglas m\u00ednimas de las Naciones Unidas para la Administraci\u00f3n de la Justicia de Menores, de 1987 (Regla de Beijing).<\/li>\n<\/ul>\n<ul style=\"text-align: justify;\">\n<li>La recomendaci\u00f3n del Comit\u00e9 de Ministros del Consejo de Europa del 17 del mes de septiembre de 1987 (Recomendaci\u00f3n R 87\/20).<\/li>\n<\/ul>\n<ul style=\"text-align: justify;\">\n<li>\n<h4><span style=\"color: #3366ff;\"><em><strong>\u201cNing\u00fan ni\u00f1o o ni\u00f1a, que necesite ayuda para salvaguardar sus derechos, debe dejar de tenerla. Procur\u00e1rsela es tarea de todos\u201d.<\/strong><\/em><\/span><\/h4>\n<\/li>\n<\/ul>\n<p style=\"text-align: justify;\"><strong>PARA EL CUMPLIMIENTO DE ESTOS FINES, LA ASOCIACION TOMA EL COMPROMISO DE REALIZAR LAS SIGUIENTES ACTIVIDADES:<\/strong><\/p>\n<p style=\"text-align: justify;\">.- Acogimientos temporales en familias de la Comunidad Aut\u00f3noma de Andalucita o territorio Nacional, de ni\u00f1os de otras nacionalidades que han sufrido grandes cat\u00e1strofes. El cabeza de familia que acoja al menor, suscribir\u00e1 con car\u00e1cter obligatorio una declaraci\u00f3n de responsabilidad, (compromiso de acogida interno y externo ANEXO VI) en el que constar\u00e1n todas Los datos personales, tanto del responsable como del menor extranjero acogido.<\/p>\n<p style=\"text-align: justify;\">En dicho documento, el cabeza de familia adquirir\u00e1 el compromiso de velar por la salud emocional, mental y f\u00edsica del ni\u00f1o, respetando en todo momento sus creencias y su cultura, haci\u00e9ndose en todo caso responsable del menor desde su recogida hasta el d\u00eda de partida del regreso a su pa\u00eds, de su cuidado (tanto alimentario como f\u00edsico), de su asistencia sanitaria, del sustento econ\u00f3mico durante su estancia y sobre todo, velar\u00e1 por su bienestar de acuerdo con nuestra Legislaci\u00f3n.<\/p>\n<p style=\"text-align: justify;\">Si por razones que as\u00ed lo justifiquen, el menor obtuviese ante la Autoridad Gubernativa espa\u00f1ola la concesi\u00f3n de pr\u00f3rroga de estancia o en su caso, permiso de residencia por circunstancias excepcionales o sus respectivas pr\u00f3rrogas, el responsable de la familia acogedora del menor que prolongara su estancia, garantizar\u00e1 en todas las situaciones, el retorno a su pa\u00eds de origen depositando el importe de los gastos del viaje en la cuenta bancaria de la que sea titular la Asociaci\u00f3n, anticipando la cantidad correspondiente en el momento en que se lleve a efecto dicha prolongaci\u00f3n<\/p>\n<p style=\"text-align: justify;\">.- Gesti\u00f3n y ejecuci\u00f3n de programas de tratamiento socio-educativo a menores y familias en situaci\u00f3n de riesgo social.<\/p>\n<p style=\"text-align: justify;\">.- Organizar y participar en jornadas de trabajo, seminarios, asambleas, congresos&#8230;, para el estudio de programas y actividades en el campo de la educaci\u00f3n, el trabajo social, la marginaci\u00f3n y la b\u00fasqueda de nuevas alternativas.<\/p>\n<p style=\"text-align: justify;\">.- Divulgar mediante publicaciones, conferencias, intercambios nacionales e internacionales y otros medios de difusi\u00f3n, el trabajo propio de la Asociaci\u00f3n.<\/p>\n<p style=\"text-align: justify;\">.- El seguimiento y denuncia de las actuaciones relacionadas con la infancia, que siendo realizadas por servicios p\u00fablicos o privados, no respeten el cumplimiento de los Derechos del ni\u00f1o y la aplicaci\u00f3n de las Recomendaciones de los Organismos Europeos.<\/p>\n<p style=\"text-align: justify;\">.- La Asociaci\u00f3n ben\u00e9fica ASNIA, no tomar\u00e1 ni realizar\u00e1 ninguna actividad relacionada con asuntos relativos a adopciones, ya que no tiene derecho, seg\u00fan lo previsto en el Ordenamiento Jur\u00eddico Espa\u00f1ol.<\/p>\n<p style=\"text-align: justify;\">.- Desarrollar actividades econ\u00f3micas de todo tipo, encaminadas a la realizaci\u00f3n de sus fines o a allegar recursos con ese objetivo.<\/p>\n","protected":false},"excerpt":{"rendered":"<p>OBJETIVOS Los fines de estas Asociaci\u00f3n son: Posibilitar la convivencia temporal, solidaria y enriquecedora, de ni\u00f1os de otras culturas y sociedades, afectados por haber sufrido grandes cat\u00e1strofes, en familias de Comunidad Aut\u00f3noma Andaluza o territorio Nacional, estimulando el intercambio, el di\u00e1logo, el contraste respetuoso de opiniones y conocimientos y la b\u00fasqueda colectiva. Preservar la paz &hellip; <\/p>\n<p><a class=\"more-link btn\" href=\"https:\/\/www.asnia.es\/?page_id=4735\">Seguir leyendo<\/a><\/p>\n","protected":false},"author":1,"featured_media":0,"parent":0,"menu_order":0,"comment_status":"closed","ping_status":"closed","template":"","meta":{"ngg_post_thumbnail":0,"footnotes":""},"class_list":["post-4735","page","type-page","status-publish","hentry","nodate","item-wrap"],"_links":{"self":[{"href":"https:\/\/www.asnia.es\/index.php?rest_route=\/wp\/v2\/pages\/4735","targetHints":{"allow":["GET"]}}],"collection":[{"href":"https:\/\/www.asnia.es\/index.php?rest_route=\/wp\/v2\/pages"}],"about":[{"href":"https:\/\/www.asnia.es\/index.php?rest_route=\/wp\/v2\/types\/page"}],"author":[{"embeddable":true,"href":"https:\/\/www.asnia.es\/index.php?rest_route=\/wp\/v2\/users\/1"}],"replies":[{"embeddable":true,"href":"https:\/\/www.asnia.es\/index.php?rest_route=%2Fwp%2Fv2%2Fcomments&post=4735"}],"version-history":[{"count":4,"href":"https:\/\/www.asnia.es\/index.php?rest_route=\/wp\/v2\/pages\/4735\/revisions"}],"predecessor-version":[{"id":4960,"href":"https:\/\/www.asnia.es\/index.php?rest_route=\/wp\/v2\/pages\/4735\/revisions\/4960"}],"wp:attachment":[{"href":"https:\/\/www.asnia.es\/index.php?rest_route=%2Fwp%2Fv2%2Fmedia&parent=4735"}],"curies":[{"name":"wp","href":"https:\/\/api.w.org\/{rel}","templated":true}]}}

<p style="text-align: justify;"><a href="http://www.asnia.es/wp-content/uploads/2016/01/IMAGENES-FORMULARIOS-CONVERSION-600X197-1.jpg"><img loading="lazy" decoding="async" class="aligncenter size-full wp-image-4959" src="http://www.asnia.es/wp-content/uploads/2016/01/IMAGENES-FORMULARIOS-CONVERSION-600X197-1.jpg" alt="IMAGENES-FORMULARIOS-CONVERSION-600X197-1" width="600" height="197" srcset="https://www.asnia.es/wp-content/uploads/2016/01/IMAGENES-FORMULARIOS-CONVERSION-600X197-1.jpg 600w, https://www.asnia.es/wp-content/uploads/2016/01/IMAGENES-FORMULARIOS-CONVERSION-600X197-1-300x99.jpg 300w" sizes="auto, (max-width: 600px) 100vw, 600px" /></a></p>
<p style="text-align: justify;"><strong>OBJETIVOS</strong></p>
<p style="text-align: justify;">Los fines de estas Asociación son:</p>
<ul style="text-align: justify;">
<li>Posibilitar la convivencia temporal, solidaria y enriquecedora, de niños de otras culturas y sociedades, afectados por haber sufrido grandes catástrofes, en familias de Comunidad Autónoma Andaluza o territorio Nacional, estimulando el intercambio, el diálogo, el contraste respetuoso de opiniones y conocimientos y la búsqueda colectiva.</li>
</ul>
<ul style="text-align: justify;">
<li>Preservar la paz y aliviar el sufrimiento de los niños del mundo, fomentando la amistad y la paz entre los pueblos, con una acción clara y decidida a favor del pluralismo cultural y estableciendo bases sólidas para la convivencia y la paz, de hoy y mañana.</li>
</ul>
<ul style="text-align: justify;">
<li>Incidir en el proceso de socialización de niños y jóvenes del mundo, contribuyendo a extender valores e ideas de respeto, solidaridad internacional, cooperación, convivencia y tolerancia, concienciando de que la diversidad cultural aporta enriquecimiento mutuo e interdependencia creativa, como elemento dinamizador para el desarrollo de las sociedades futuras.</li>
</ul>
<ul style="text-align: justify;">
<li>Colaboración y asesoramiento (a través de las funciones encomendadas y supervisadas por las Administraciones Públicas competentes en la materia, cumpliendo los requisitos de la legislación vigente, nacional e internacional) en la protección de menores que sufran una situación familiar, social y/o escolar negativa, que lejos de favorecer su desarrollo, los comprometen, negándoles la oportunidad de crecer, y sumiéndoles en unas condiciones que deterioran su persona y frente a las que pueden ir adoptando conductas propias de la marginación social.</li>
</ul>
<ul style="text-align: justify;">
<li>La investigación y el desarrollo de modelos de intervención adaptados a las problemáticas sociales emergentes, que afectan a la infancia.</li>
</ul>
<ul style="text-align: justify;">
<li>Facilitar el regreso a Comunidad Autónoma Andaluza o territorio Nacional de los niños a las familias que los acogieron desde el verano del año 2008</li>
</ul>
<ul style="text-align: justify;">
<li>Promover y desarrollar acciones relativas a la defensa y aplicación de las recomendaciones de los Organismos Europeos, respecto a la infancia, ante los Organismos Judiciales y las Entidades Administrativa competentes (locales, comarcales, autonómicas, estatales e internacionales):</li>
</ul>
<ul style="text-align: justify;">
<li>La declaración de los derechos del niño, aprobadas por la Asamblea General de Las Naciones Unidas el 20 de Noviembre de 1959 y ampliamente desarrollada en la Convención de los Derechos del Niño, aprobadas por la misma Asamblea el 20 de noviembre de 1989.</li>
</ul>
<ul style="text-align: justify;">
<li>Las reglas mínimas de las Naciones Unidas para la Administración de la Justicia de Menores, de 1987 (Regla de Beijing).</li>
</ul>
<ul style="text-align: justify;">
<li>La recomendación del Comité de Ministros del Consejo de Europa del 17 del mes de septiembre de 1987 (Recomendación R 87/20).</li>
</ul>
<ul style="text-align: justify;">
<li>
<h4><span style="color: #3366ff;"><em><strong>“Ningún niño o niña, que necesite ayuda para salvaguardar sus derechos, debe dejar de tenerla. Procurársela es tarea de todos”.</strong></em></span></h4>
</li>
</ul>
<p style="text-align: justify;"><strong>PARA EL CUMPLIMIENTO DE ESTOS FINES, LA ASOCIACION TOMA EL COMPROMISO DE REALIZAR LAS SIGUIENTES ACTIVIDADES:</strong></p>
<p style="text-align: justify;">.- Acogimientos temporales en familias de la Comunidad Autónoma de Andalucita o territorio Nacional, de niños de otras nacionalidades que han sufrido grandes catástrofes. El cabeza de familia que acoja al menor, suscribirá con carácter obligatorio una declaración de responsabilidad, (compromiso de acogida interno y externo ANEXO VI) en el que constarán todas Los datos personales, tanto del responsable como del menor extranjero acogido.</p>
<p style="text-align: justify;">En dicho documento, el cabeza de familia adquirirá el compromiso de velar por la salud emocional, mental y física del niño, respetando en todo momento sus creencias y su cultura, haciéndose en todo caso responsable del menor desde su recogida hasta el día de partida del regreso a su país, de su cuidado (tanto alimentario como físico), de su asistencia sanitaria, del sustento económico durante su estancia y sobre todo, velará por su bienestar de acuerdo con nuestra Legislación.</p>
<p style="text-align: justify;">Si por razones que así lo justifiquen, el menor obtuviese ante la Autoridad Gubernativa española la concesión de prórroga de estancia o en su caso, permiso de residencia por circunstancias excepcionales o sus respectivas prórrogas, el responsable de la familia acogedora del menor que prolongara su estancia, garantizará en todas las situaciones, el retorno a su país de origen depositando el importe de los gastos del viaje en la cuenta bancaria de la que sea titular la Asociación, anticipando la cantidad correspondiente en el momento en que se lleve a efecto dicha prolongación</p>
<p style="text-align: justify;">.- Gestión y ejecución de programas de tratamiento socio-educativo a menores y familias en situación de riesgo social.</p>
<p style="text-align: justify;">.- Organizar y participar en jornadas de trabajo, seminarios, asambleas, congresos&#8230;, para el estudio de programas y actividades en el campo de la educación, el trabajo social, la marginación y la búsqueda de nuevas alternativas.</p>
<p style="text-align: justify;">.- Divulgar mediante publicaciones, conferencias, intercambios nacionales e internacionales y otros medios de difusión, el trabajo propio de la Asociación.</p>
<p style="text-align: justify;">.- El seguimiento y denuncia de las actuaciones relacionadas con la infancia, que siendo realizadas por servicios públicos o privados, no respeten el cumplimiento de los Derechos del niño y la aplicación de las Recomendaciones de los Organismos Europeos.</p>
<p style="text-align: justify;">.- La Asociación benéfica ASNIA, no tomará ni realizará ninguna actividad relacionada con asuntos relativos a adopciones, ya que no tiene derecho, según lo previsto en el Ordenamiento Jurídico Español.</p>
<p style="text-align: justify;">.- Desarrollar actividades económicas de todo tipo, encaminadas a la realización de sus fines o a allegar recursos con ese objetivo.</p>

<p>OBJETIVOS Los fines de estas Asociación son: Posibilitar la convivencia temporal, solidaria y enriquecedora, de niños de otras culturas y sociedades, afectados por haber sufrido grandes catástrofes, en familias de Comunidad Autónoma Andaluza o territorio Nacional, estimulando el intercambio, el diálogo, el contraste respetuoso de opiniones y conocimientos y la búsqueda colectiva. Preservar la paz &hellip; </p>
<p><a class="more-link btn" href="https://www.asnia.es/?page_id=4735">Seguir leyendo</a></p>
