{"id":1280,"date":"2011-12-11T13:58:07","date_gmt":"2011-12-11T11:58:07","guid":{"rendered":"http:\/\/www.asnia.es\/?page_id=1280"},"modified":"2017-11-26T23:57:42","modified_gmt":"2017-11-26T22:57:42","slug":"bolsa-de-acogida","status":"publish","type":"page","link":"https:\/\/www.asnia.es\/?page_id=1280","title":{"rendered":"Bolsa para Acoger"},"content":{"rendered":"<p style=\"text-align: justify;\"><a href=\"http:\/\/www.asnia.es\/wp-content\/uploads\/2011\/12\/prueba-a-dar-blog1.jpg\"><img loading=\"lazy\" decoding=\"async\" class=\"aligncenter size-full wp-image-4978\" src=\"http:\/\/www.asnia.es\/wp-content\/uploads\/2011\/12\/prueba-a-dar-blog1.jpg\" alt=\"prueba-a-dar-blog1\" width=\"1000\" height=\"800\" srcset=\"https:\/\/www.asnia.es\/wp-content\/uploads\/2011\/12\/prueba-a-dar-blog1.jpg 1000w, https:\/\/www.asnia.es\/wp-content\/uploads\/2011\/12\/prueba-a-dar-blog1-300x240.jpg 300w, https:\/\/www.asnia.es\/wp-content\/uploads\/2011\/12\/prueba-a-dar-blog1-768x614.jpg 768w\" sizes=\"auto, (max-width: 1000px) 100vw, 1000px\" \/><\/a><\/p>\n<p style=\"text-align: justify;\">Desde la Asociaci\u00f3n vamos a poner en marcha nuestra&nbsp;<strong>BOLSA DE ACOGIDA.<\/strong><\/p>\n<p style=\"text-align: justify;\">Dado que este a\u00f1o nos hemos visto en la situaci\u00f3n de que en el mes de Marzo, alcanzando los objetivos marcados, &nbsp;queremos poner a disposici\u00f3n de todas aquellas personas que quieran formar parte de nuestros Programas de Sanaci\u00f3n nuestra&nbsp;<strong>bolsa de acogida, <\/strong>para que, &nbsp;aunque no sea para el programa en curso, puedan estar a la espera para el pr\u00f3ximo a\u00f1o o bien en el caso que se produzca alguna baja inesperada y puedan as\u00ed optar a integrarse en el programa por riguroso orden de inscripci\u00f3n.<\/p>\n<p style=\"text-align: justify;\"><strong>En nuestra&nbsp;secci\u00f3n&nbsp; <a href=\"http:\/\/www.asnia.es\/?page_id=4981\">ME ACOGES EN TU CASA?<\/a> facilitamos los datos de los menores que tenemos en situaci\u00f3n de riesgo y que necesitan salir del pa\u00eds para su saneamiento.&nbsp;<\/strong><\/p>\n<p style=\"text-align: justify;\">El sistema de inscripci\u00f3n ser\u00e1 el mismo que venimos siguiendo hasta ahora &nbsp;a trav\u00e9s del formulario de Solicitud de Asociado&nbsp; que se encuentra a vuestra disposici\u00f3n en nuestra Web, en la zona de <a href=\"http:\/\/www.asnia.es\/?page_id=272\"><b>HAZTE SOCIO<\/b><\/a>.&nbsp; Una vez recibido en nuestra Secretar\u00eda, entraremos en contacto.<\/p>\n<p style=\"text-align: justify;\"><strong>Un dato a tener en cuenta es el siguiente: toda aquella persona que quiera entrar en la bolsa de acogida, tendr\u00e1 obligatoriamente que inscribirse como socio en Asnia, requisito indispensable para la acogida de un menor. A partir de ese momento cumplir\u00e1 con su pago de cuota mensual y entrara a formar parte de la Asociaci\u00f3n con todos sus derechos y obligaciones estatutarias.<\/strong><\/p>\n<p style=\"text-align: justify;\">&nbsp;<\/p>\n","protected":false},"excerpt":{"rendered":"<p>Desde la Asociaci\u00f3n vamos a poner en marcha nuestra&nbsp;BOLSA DE ACOGIDA. Dado que este a\u00f1o nos hemos visto en la situaci\u00f3n de que en el mes de Marzo, alcanzando los objetivos marcados, &nbsp;queremos poner a disposici\u00f3n de todas aquellas personas que quieran formar parte de nuestros Programas de Sanaci\u00f3n nuestra&nbsp;bolsa de acogida, para que, &nbsp;aunque &hellip; <\/p>\n<p><a class=\"more-link btn\" href=\"https:\/\/www.asnia.es\/?page_id=1280\">Seguir leyendo<\/a><\/p>\n","protected":false},"author":2,"featured_media":0,"parent":0,"menu_order":0,"comment_status":"open","ping_status":"open","template":"","meta":{"ngg_post_thumbnail":0,"footnotes":""},"class_list":["post-1280","page","type-page","status-publish","hentry","nodate","item-wrap"],"_links":{"self":[{"href":"https:\/\/www.asnia.es\/index.php?rest_route=\/wp\/v2\/pages\/1280","targetHints":{"allow":["GET"]}}],"collection":[{"href":"https:\/\/www.asnia.es\/index.php?rest_route=\/wp\/v2\/pages"}],"about":[{"href":"https:\/\/www.asnia.es\/index.php?rest_route=\/wp\/v2\/types\/page"}],"author":[{"embeddable":true,"href":"https:\/\/www.asnia.es\/index.php?rest_route=\/wp\/v2\/users\/2"}],"replies":[{"embeddable":true,"href":"https:\/\/www.asnia.es\/index.php?rest_route=%2Fwp%2Fv2%2Fcomments&post=1280"}],"version-history":[{"count":11,"href":"https:\/\/www.asnia.es\/index.php?rest_route=\/wp\/v2\/pages\/1280\/revisions"}],"predecessor-version":[{"id":6009,"href":"https:\/\/www.asnia.es\/index.php?rest_route=\/wp\/v2\/pages\/1280\/revisions\/6009"}],"wp:attachment":[{"href":"https:\/\/www.asnia.es\/index.php?rest_route=%2Fwp%2Fv2%2Fmedia&parent=1280"}],"curies":[{"name":"wp","href":"https:\/\/api.w.org\/{rel}","templated":true}]}}